{"id":1099,"date":"2021-04-07T08:40:58","date_gmt":"2021-04-07T06:40:58","guid":{"rendered":"https:\/\/stephan-buth.de\/?page_id=1099"},"modified":"2021-07-09T12:48:44","modified_gmt":"2021-07-09T10:48:44","slug":"panoramabild-lubeck-mediadocks","status":"publish","type":"page","link":"https:\/\/stephan-buth.de\/en\/panoramabild-lubeck-mediadocks","title":{"rendered":"Panoramabild L\u00fcbeck Mediadocks"},"content":{"rendered":"<div data-elementor-type=\"wp-page\" data-elementor-id=\"1099\" class=\"elementor elementor-1099\">\n\t\t\t\t\t\t<header class=\"elementor-section elementor-top-section elementor-element elementor-element-1f0894a4 elementor-section-boxed elementor-section-height-default elementor-section-height-default\" data-id=\"1f0894a4\" data-element_type=\"section\" data-e-type=\"section\">\n\t\t\t\t\t\t<div class=\"elementor-container elementor-column-gap-default\">\n\t\t\t\t\t<div class=\"elementor-column elementor-col-100 elementor-top-column elementor-element elementor-element-4a352cfa\" data-id=\"4a352cfa\" data-element_type=\"column\" data-e-type=\"column\">\n\t\t\t<div class=\"elementor-widget-wrap elementor-element-populated\">\n\t\t\t\t\t\t<div class=\"elementor-element elementor-element-2233c1e3 elementor-widget elementor-widget-heading\" data-id=\"2233c1e3\" data-element_type=\"widget\" data-e-type=\"widget\" data-widget_type=\"heading.default\">\n\t\t\t\t<div class=\"elementor-widget-container\">\n\t\t\t\t\t<h2 class=\"elementor-heading-title elementor-size-default\">Panoramabild L\u00fcbeck Mediadocks<\/h2>\t\t\t\t<\/div>\n\t\t\t\t<\/div>\n\t\t\t\t\t<\/div>\n\t\t<\/div>\n\t\t\t\t\t<\/div>\n\t\t<\/header>\n\t\t\t\t<section class=\"elementor-section elementor-top-section elementor-element elementor-element-64fb082e elementor-section-content-middle elementor-section-boxed elementor-section-height-default elementor-section-height-default\" data-id=\"64fb082e\" data-element_type=\"section\" data-e-type=\"section\">\n\t\t\t\t\t\t<div class=\"elementor-container elementor-column-gap-default\">\n\t\t\t\t\t<div class=\"elementor-column elementor-col-100 elementor-top-column elementor-element elementor-element-77f80685\" data-id=\"77f80685\" data-element_type=\"column\" data-e-type=\"column\">\n\t\t\t<div class=\"elementor-widget-wrap elementor-element-populated\">\n\t\t\t\t\t\t<div class=\"elementor-element elementor-element-58e3b5cb elementor-widget elementor-widget-text-editor\" data-id=\"58e3b5cb\" data-element_type=\"widget\" data-e-type=\"widget\" data-widget_type=\"text-editor.default\">\n\t\t\t\t<div class=\"elementor-widget-container\">\n\t\t\t\t\t\t\t\t\t<iframe src=\"\/wp-content\/uploads\/panos\/pano_mediadocks1\/mediadocks1.html\" width=\"700\" height=\"350\" frameborder=\"0\"><\/iframe>\t\t\t\t\t\t\t\t<\/div>\n\t\t\t\t<\/div>\n\t\t\t\t\t<\/div>\n\t\t<\/div>\n\t\t\t\t\t<\/div>\n\t\t<\/section>\n\t\t\t\t<section class=\"elementor-section elementor-top-section elementor-element elementor-element-2f70e6c1 elementor-section-boxed elementor-section-height-default elementor-section-height-default\" data-id=\"2f70e6c1\" data-element_type=\"section\" data-e-type=\"section\">\n\t\t\t\t\t\t<div class=\"elementor-container elementor-column-gap-default\">\n\t\t\t\t\t<div class=\"elementor-column elementor-col-100 elementor-top-column elementor-element elementor-element-5b4ecbb2\" data-id=\"5b4ecbb2\" data-element_type=\"column\" data-e-type=\"column\">\n\t\t\t<div class=\"elementor-widget-wrap elementor-element-populated\">\n\t\t\t\t\t\t<div class=\"elementor-element elementor-element-6b114281 elementor-align-center elementor-widget elementor-widget-button\" data-id=\"6b114281\" data-element_type=\"widget\" data-e-type=\"widget\" data-widget_type=\"button.default\">\n\t\t\t\t<div class=\"elementor-widget-container\">\n\t\t\t\t\t\t\t\t\t<div class=\"elementor-button-wrapper\">\n\t\t\t\t\t<a class=\"elementor-button elementor-button-link elementor-size-sm\" href=\"https:\/\/stephan-buth.de\/en\/panorama-lubeck\/\">\n\t\t\t\t\t\t<span class=\"elementor-button-content-wrapper\">\n\t\t\t\t\t\t\t\t\t<span class=\"elementor-button-text\">Back<\/span>\n\t\t\t\t\t<\/span>\n\t\t\t\t\t<\/a>\n\t\t\t\t<\/div>\n\t\t\t\t\t\t\t\t<\/div>\n\t\t\t\t<\/div>\n\t\t\t\t\t<\/div>\n\t\t<\/div>\n\t\t\t\t\t<\/div>\n\t\t<\/section>\n\t\t\t\t<article class=\"elementor-section elementor-top-section elementor-element elementor-element-5639a102 elementor-section-boxed elementor-section-height-default elementor-section-height-default\" data-id=\"5639a102\" data-element_type=\"section\" data-e-type=\"section\">\n\t\t\t\t\t\t<div class=\"elementor-container elementor-column-gap-default\">\n\t\t\t\t\t<div class=\"elementor-column elementor-col-100 elementor-top-column elementor-element elementor-element-5f5b31e9\" data-id=\"5f5b31e9\" data-element_type=\"column\" data-e-type=\"column\">\n\t\t\t<div class=\"elementor-widget-wrap elementor-element-populated\">\n\t\t\t\t\t\t<section class=\"elementor-section elementor-inner-section elementor-element elementor-element-a0353e9 elementor-section-boxed elementor-section-height-default elementor-section-height-default\" data-id=\"a0353e9\" data-element_type=\"section\" data-e-type=\"section\">\n\t\t\t\t\t\t<div class=\"elementor-container elementor-column-gap-default\">\n\t\t\t\t\t<div class=\"elementor-column elementor-col-50 elementor-inner-column elementor-element elementor-element-d0481b4\" data-id=\"d0481b4\" data-element_type=\"column\" data-e-type=\"column\">\n\t\t\t<div class=\"elementor-widget-wrap elementor-element-populated\">\n\t\t\t\t\t\t<div class=\"elementor-element elementor-element-5c772083 elementor-widget elementor-widget-text-editor\" data-id=\"5c772083\" data-element_type=\"widget\" data-e-type=\"widget\" data-widget_type=\"text-editor.default\">\n\t\t\t\t<div class=\"elementor-widget-container\">\n\t\t\t\t\t\t\t\t\t<p>Direkt unter dem historischen <a href=\"https:\/\/www.ln-online.de\/Lokales\/Luebeck\/Neuer-Anstrich-fuer-alte-Kraene\" target=\"_blank\" rel=\"noopener\">Hafenkran Nr. 22<\/a> an den <a href=\"https:\/\/www.mediadocks.de\/\" target=\"_blank\" rel=\"noopener\">Mediadocks L\u00fcbeck<\/a> aufgenommen.<\/p><p>Shot: 06.04.2021<br \/>Size: 214 Megapixel<\/p>\t\t\t\t\t\t\t\t<\/div>\n\t\t\t\t<\/div>\n\t\t\t\t\t<\/div>\n\t\t<\/div>\n\t\t\t\t<div class=\"elementor-column elementor-col-50 elementor-inner-column elementor-element elementor-element-be85e42\" data-id=\"be85e42\" data-element_type=\"column\" data-e-type=\"column\">\n\t\t\t<div class=\"elementor-widget-wrap elementor-element-populated\">\n\t\t\t\t\t\t<div class=\"elementor-element elementor-element-4a691d0a elementor-widget elementor-widget-image\" data-id=\"4a691d0a\" data-element_type=\"widget\" data-e-type=\"widget\" data-widget_type=\"image.default\">\n\t\t\t\t<div class=\"elementor-widget-container\">\n\t\t\t\t\t\t\t\t\t\t\t\t\t\t\t<img fetchpriority=\"high\" decoding=\"async\" width=\"300\" height=\"170\" src=\"https:\/\/stephan-buth.de\/wp-content\/uploads\/2021\/04\/mediadocks_alt-300x170.jpg\" class=\"attachment-medium size-medium wp-image-1737\" alt=\"Panoramabild L\u00fcbeck Mediadocks\" srcset=\"https:\/\/stephan-buth.de\/wp-content\/uploads\/2021\/04\/mediadocks_alt-300x170.jpg 300w, https:\/\/stephan-buth.de\/wp-content\/uploads\/2021\/04\/mediadocks_alt-1024x579.jpg 1024w, https:\/\/stephan-buth.de\/wp-content\/uploads\/2021\/04\/mediadocks_alt-768x434.jpg 768w, https:\/\/stephan-buth.de\/wp-content\/uploads\/2021\/04\/mediadocks_alt-16x9.jpg 16w, https:\/\/stephan-buth.de\/wp-content\/uploads\/2021\/04\/mediadocks_alt.jpg 1283w\" sizes=\"(max-width: 300px) 100vw, 300px\" title=\"\">\t\t\t\t\t\t\t\t\t\t\t\t\t\t\t<\/div>\n\t\t\t\t<\/div>\n\t\t\t\t\t<\/div>\n\t\t<\/div>\n\t\t\t\t\t<\/div>\n\t\t<\/section>\n\t\t\t\t\t<\/div>\n\t\t<\/div>\n\t\t\t\t\t<\/div>\n\t\t<\/article>\n\t\t\t\t<\/div>","protected":false},"excerpt":{"rendered":"<p>Panoramabild L\u00fcbeck Mediadocks Zur\u00fcck Direkt unter dem historischen Hafenkran Nr. 22 an den Mediadocks L\u00fcbeck aufgenommen. Aufnahme: 06.04.2021Gr\u00f6\u00dfe: 214 Megapixel<\/p>","protected":false},"author":1,"featured_media":0,"parent":0,"menu_order":0,"comment_status":"closed","ping_status":"closed","template":"","meta":{"footnotes":""},"class_list":["post-1099","page","type-page","status-publish","hentry"],"_links":{"self":[{"href":"https:\/\/stephan-buth.de\/en\/wp-json\/wp\/v2\/pages\/1099","targetHints":{"allow":["GET"]}}],"collection":[{"href":"https:\/\/stephan-buth.de\/en\/wp-json\/wp\/v2\/pages"}],"about":[{"href":"https:\/\/stephan-buth.de\/en\/wp-json\/wp\/v2\/types\/page"}],"author":[{"embeddable":true,"href":"https:\/\/stephan-buth.de\/en\/wp-json\/wp\/v2\/users\/1"}],"replies":[{"embeddable":true,"href":"https:\/\/stephan-buth.de\/en\/wp-json\/wp\/v2\/comments?post=1099"}],"version-history":[{"count":21,"href":"https:\/\/stephan-buth.de\/en\/wp-json\/wp\/v2\/pages\/1099\/revisions"}],"predecessor-version":[{"id":1987,"href":"https:\/\/stephan-buth.de\/en\/wp-json\/wp\/v2\/pages\/1099\/revisions\/1987"}],"wp:attachment":[{"href":"https:\/\/stephan-buth.de\/en\/wp-json\/wp\/v2\/media?parent=1099"}],"curies":[{"name":"wp","href":"https:\/\/api.w.org\/{rel}","templated":true}]}}

Panoramabild Lübeck Mediadocks

<div data-elementor-type="wp-page" data-elementor-id="1099" class="elementor elementor-1099">
						<header class="elementor-section elementor-top-section elementor-element elementor-element-1f0894a4 elementor-section-boxed elementor-section-height-default elementor-section-height-default" data-id="1f0894a4" data-element_type="section" data-e-type="section">
						<div class="elementor-container elementor-column-gap-default">
					<div class="elementor-column elementor-col-100 elementor-top-column elementor-element elementor-element-4a352cfa" data-id="4a352cfa" data-element_type="column" data-e-type="column">
			<div class="elementor-widget-wrap elementor-element-populated">
						<div class="elementor-element elementor-element-2233c1e3 elementor-widget elementor-widget-heading" data-id="2233c1e3" data-element_type="widget" data-e-type="widget" data-widget_type="heading.default">
				<div class="elementor-widget-container">
					<h2 class="elementor-heading-title elementor-size-default">Panoramabild Lübeck Mediadocks</h2>				</div>
				</div>
					</div>
		</div>
					</div>
		</header>
				<section class="elementor-section elementor-top-section elementor-element elementor-element-64fb082e elementor-section-content-middle elementor-section-boxed elementor-section-height-default elementor-section-height-default" data-id="64fb082e" data-element_type="section" data-e-type="section">
						<div class="elementor-container elementor-column-gap-default">
					<div class="elementor-column elementor-col-100 elementor-top-column elementor-element elementor-element-77f80685" data-id="77f80685" data-element_type="column" data-e-type="column">
			<div class="elementor-widget-wrap elementor-element-populated">
						<div class="elementor-element elementor-element-58e3b5cb elementor-widget elementor-widget-text-editor" data-id="58e3b5cb" data-element_type="widget" data-e-type="widget" data-widget_type="text-editor.default">
				<div class="elementor-widget-container">
									<iframe src="/wp-content/uploads/panos/pano_mediadocks1/mediadocks1.html" width="700" height="350" frameborder="0"></iframe>								</div>
				</div>
					</div>
		</div>
					</div>
		</section>
				<section class="elementor-section elementor-top-section elementor-element elementor-element-2f70e6c1 elementor-section-boxed elementor-section-height-default elementor-section-height-default" data-id="2f70e6c1" data-element_type="section" data-e-type="section">
						<div class="elementor-container elementor-column-gap-default">
					<div class="elementor-column elementor-col-100 elementor-top-column elementor-element elementor-element-5b4ecbb2" data-id="5b4ecbb2" data-element_type="column" data-e-type="column">
			<div class="elementor-widget-wrap elementor-element-populated">
						<div class="elementor-element elementor-element-6b114281 elementor-align-center elementor-widget elementor-widget-button" data-id="6b114281" data-element_type="widget" data-e-type="widget" data-widget_type="button.default">
				<div class="elementor-widget-container">
									<div class="elementor-button-wrapper">
					<a class="elementor-button elementor-button-link elementor-size-sm" href="https://stephan-buth.de/en/panorama-lubeck/">
						<span class="elementor-button-content-wrapper">
									<span class="elementor-button-text">Back</span>
					</span>
					</a>
				</div>
								</div>
				</div>
					</div>
		</div>
					</div>
		</section>
				<article class="elementor-section elementor-top-section elementor-element elementor-element-5639a102 elementor-section-boxed elementor-section-height-default elementor-section-height-default" data-id="5639a102" data-element_type="section" data-e-type="section">
						<div class="elementor-container elementor-column-gap-default">
					<div class="elementor-column elementor-col-100 elementor-top-column elementor-element elementor-element-5f5b31e9" data-id="5f5b31e9" data-element_type="column" data-e-type="column">
			<div class="elementor-widget-wrap elementor-element-populated">
						<section class="elementor-section elementor-inner-section elementor-element elementor-element-a0353e9 elementor-section-boxed elementor-section-height-default elementor-section-height-default" data-id="a0353e9" data-element_type="section" data-e-type="section">
						<div class="elementor-container elementor-column-gap-default">
					<div class="elementor-column elementor-col-50 elementor-inner-column elementor-element elementor-element-d0481b4" data-id="d0481b4" data-element_type="column" data-e-type="column">
			<div class="elementor-widget-wrap elementor-element-populated">
						<div class="elementor-element elementor-element-5c772083 elementor-widget elementor-widget-text-editor" data-id="5c772083" data-element_type="widget" data-e-type="widget" data-widget_type="text-editor.default">
				<div class="elementor-widget-container">
									<p>Direkt unter dem historischen <a href="https://www.ln-online.de/Lokales/Luebeck/Neuer-Anstrich-fuer-alte-Kraene" target="_blank" rel="noopener">Hafenkran Nr. 22</a> an den <a href="https://www.mediadocks.de/" target="_blank" rel="noopener">Mediadocks Lübeck</a> aufgenommen.</p><p>Shot: 06.04.2021<br />Size: 214 Megapixel</p>								</div>
				</div>
					</div>
		</div>
				<div class="elementor-column elementor-col-50 elementor-inner-column elementor-element elementor-element-be85e42" data-id="be85e42" data-element_type="column" data-e-type="column">
			<div class="elementor-widget-wrap elementor-element-populated">
						<div class="elementor-element elementor-element-4a691d0a elementor-widget elementor-widget-image" data-id="4a691d0a" data-element_type="widget" data-e-type="widget" data-widget_type="image.default">
				<div class="elementor-widget-container">
															<img fetchpriority="high" decoding="async" width="300" height="170" src="https://stephan-buth.de/wp-content/uploads/2021/04/mediadocks_alt-300x170.jpg" class="attachment-medium size-medium wp-image-1737" alt="Panoramabild Lübeck Mediadocks" srcset="https://stephan-buth.de/wp-content/uploads/2021/04/mediadocks_alt-300x170.jpg 300w, https://stephan-buth.de/wp-content/uploads/2021/04/mediadocks_alt-1024x579.jpg 1024w, https://stephan-buth.de/wp-content/uploads/2021/04/mediadocks_alt-768x434.jpg 768w, https://stephan-buth.de/wp-content/uploads/2021/04/mediadocks_alt-16x9.jpg 16w, https://stephan-buth.de/wp-content/uploads/2021/04/mediadocks_alt.jpg 1283w" sizes="(max-width: 300px) 100vw, 300px" title="">															</div>
				</div>
					</div>
		</div>
					</div>
		</section>
					</div>
		</div>
					</div>
		</article>
				</div>

<p>Panoramabild Lübeck Mediadocks Zurück Direkt unter dem historischen Hafenkran Nr. 22 an den Mediadocks Lübeck aufgenommen. Aufnahme: 06.04.2021Größe: 214 Megapixel</p>
