{"id":1906,"date":"2021-07-09T11:49:43","date_gmt":"2021-07-09T09:49:43","guid":{"rendered":"https:\/\/stephan-buth.de\/?page_id=1906"},"modified":"2021-07-09T12:39:12","modified_gmt":"2021-07-09T10:39:12","slug":"kaisertor-panorama","status":"publish","type":"page","link":"https:\/\/stephan-buth.de\/en\/kaisertor-panorama","title":{"rendered":"Kaisertor &#8211; Panorama"},"content":{"rendered":"<div data-elementor-type=\"wp-page\" data-elementor-id=\"1906\" class=\"elementor elementor-1906\">\n\t\t\t\t\t\t<header class=\"elementor-section elementor-top-section elementor-element elementor-element-4939cb29 elementor-section-boxed elementor-section-height-default elementor-section-height-default\" data-id=\"4939cb29\" data-element_type=\"section\" data-e-type=\"section\">\n\t\t\t\t\t\t<div class=\"elementor-container elementor-column-gap-default\">\n\t\t\t\t\t<div class=\"elementor-column elementor-col-100 elementor-top-column elementor-element elementor-element-38dce9f7\" data-id=\"38dce9f7\" data-element_type=\"column\" data-e-type=\"column\">\n\t\t\t<div class=\"elementor-widget-wrap elementor-element-populated\">\n\t\t\t\t\t\t<div class=\"elementor-element elementor-element-2ab49d47 elementor-widget elementor-widget-heading\" data-id=\"2ab49d47\" data-element_type=\"widget\" data-e-type=\"widget\" data-widget_type=\"heading.default\">\n\t\t\t\t<div class=\"elementor-widget-container\">\n\t\t\t\t\t<h2 class=\"elementor-heading-title elementor-size-default\">Kaisertor L\u00fcbeck - Panorama<\/h2>\t\t\t\t<\/div>\n\t\t\t\t<\/div>\n\t\t\t\t\t<\/div>\n\t\t<\/div>\n\t\t\t\t\t<\/div>\n\t\t<\/header>\n\t\t\t\t<section class=\"elementor-section elementor-top-section elementor-element elementor-element-5ae6e62 elementor-section-boxed elementor-section-height-default elementor-section-height-default\" data-id=\"5ae6e62\" data-element_type=\"section\" data-e-type=\"section\">\n\t\t\t\t\t\t<div class=\"elementor-container elementor-column-gap-default\">\n\t\t\t\t\t<div class=\"elementor-column elementor-col-100 elementor-top-column elementor-element elementor-element-3e385528\" data-id=\"3e385528\" data-element_type=\"column\" data-e-type=\"column\">\n\t\t\t<div class=\"elementor-widget-wrap elementor-element-populated\">\n\t\t\t\t\t\t<div class=\"elementor-element elementor-element-3958a509 elementor-align-center elementor-widget elementor-widget-button\" data-id=\"3958a509\" data-element_type=\"widget\" data-e-type=\"widget\" data-widget_type=\"button.default\">\n\t\t\t\t<div class=\"elementor-widget-container\">\n\t\t\t\t\t\t\t\t\t<div class=\"elementor-button-wrapper\">\n\t\t\t\t\t<a class=\"elementor-button elementor-button-link elementor-size-sm\" href=\"https:\/\/stephan-buth.de\/en\/panorama-lubeck\/\">\n\t\t\t\t\t\t<span class=\"elementor-button-content-wrapper\">\n\t\t\t\t\t\t\t\t\t<span class=\"elementor-button-text\">Back<\/span>\n\t\t\t\t\t<\/span>\n\t\t\t\t\t<\/a>\n\t\t\t\t<\/div>\n\t\t\t\t\t\t\t\t<\/div>\n\t\t\t\t<\/div>\n\t\t\t\t\t<\/div>\n\t\t<\/div>\n\t\t\t\t\t<\/div>\n\t\t<\/section>\n\t\t\t\t<article class=\"elementor-section elementor-top-section elementor-element elementor-element-518dafe7 elementor-section-boxed elementor-section-height-default elementor-section-height-default\" data-id=\"518dafe7\" data-element_type=\"section\" data-e-type=\"section\">\n\t\t\t\t\t\t<div class=\"elementor-container elementor-column-gap-default\">\n\t\t\t\t\t<div class=\"elementor-column elementor-col-100 elementor-top-column elementor-element elementor-element-5bc90efc\" data-id=\"5bc90efc\" data-element_type=\"column\" data-e-type=\"column\">\n\t\t\t<div class=\"elementor-widget-wrap elementor-element-populated\">\n\t\t\t\t\t\t<section class=\"elementor-section elementor-inner-section elementor-element elementor-element-2473ade3 elementor-section-boxed elementor-section-height-default elementor-section-height-default\" data-id=\"2473ade3\" data-element_type=\"section\" data-e-type=\"section\">\n\t\t\t\t\t\t<div class=\"elementor-container elementor-column-gap-default\">\n\t\t\t\t\t<div class=\"elementor-column elementor-col-50 elementor-inner-column elementor-element elementor-element-21dc94ed\" data-id=\"21dc94ed\" data-element_type=\"column\" data-e-type=\"column\">\n\t\t\t<div class=\"elementor-widget-wrap elementor-element-populated\">\n\t\t\t\t\t\t<div class=\"elementor-element elementor-element-696ad9a elementor-widget elementor-widget-text-editor\" data-id=\"696ad9a\" data-element_type=\"widget\" data-e-type=\"widget\" data-widget_type=\"text-editor.default\">\n\t\t\t\t<div class=\"elementor-widget-container\">\n\t\t\t\t\t\t\t\t\t<p>Kaisertor L\u00fcbeck.<br \/>The Kaisertor was originally a defense tower built around 1300 to protect the Muehlendamm. The little-used gate exit was walled up around 1500.<br \/>In the 17th century, the tower was torn down to its base, and the upper floor, which is still preserved today, was placed on top of this in the 19th century.<br \/>Beim Bau des Elbe-L\u00fcbeck-Kanals 1897 wurde das zugemauerte Tor wieder ge\u00f6ffnet.<\/p><p>Aufnahme vom 05.06.2021<\/p>\t\t\t\t\t\t\t\t<\/div>\n\t\t\t\t<\/div>\n\t\t\t\t\t<\/div>\n\t\t<\/div>\n\t\t\t\t<div class=\"elementor-column elementor-col-50 elementor-inner-column elementor-element elementor-element-1b7103b\" data-id=\"1b7103b\" data-element_type=\"column\" data-e-type=\"column\">\n\t\t\t<div class=\"elementor-widget-wrap elementor-element-populated\">\n\t\t\t\t\t\t<div class=\"elementor-element elementor-element-6555a79 elementor-widget elementor-widget-image\" data-id=\"6555a79\" data-element_type=\"widget\" data-e-type=\"widget\" data-widget_type=\"image.default\">\n\t\t\t\t<div class=\"elementor-widget-container\">\n\t\t\t\t\t\t\t\t\t\t\t\t<figure class=\"wp-caption\">\n\t\t\t\t\t\t\t\t\t\t\t<a href=\"https:\/\/stephan-buth.de\/wp-content\/uploads\/2021\/07\/kaisertor_luebeck.jpg\" data-elementor-open-lightbox=\"yes\" data-elementor-lightbox-title=\"Kaisertor L\u00fcbeck\" data-e-action-hash=\"#elementor-action%3Aaction%3Dlightbox%26settings%3DeyJpZCI6MTkyNCwidXJsIjoiaHR0cHM6XC9cL3N0ZXBoYW4tYnV0aC5kZVwvd3AtY29udGVudFwvdXBsb2Fkc1wvMjAyMVwvMDdcL2thaXNlcnRvcl9sdWViZWNrLmpwZyJ9\">\n\t\t\t\t\t\t\t<img decoding=\"async\" width=\"300\" height=\"150\" src=\"https:\/\/stephan-buth.de\/wp-content\/uploads\/2021\/07\/kaisertor_luebeck-300x150.jpg\" class=\"attachment-medium size-medium wp-image-1924\" alt=\"Kaisertor L\u00fcbeck\" srcset=\"https:\/\/stephan-buth.de\/wp-content\/uploads\/2021\/07\/kaisertor_luebeck-300x150.jpg 300w, https:\/\/stephan-buth.de\/wp-content\/uploads\/2021\/07\/kaisertor_luebeck-1024x512.jpg 1024w, https:\/\/stephan-buth.de\/wp-content\/uploads\/2021\/07\/kaisertor_luebeck-768x384.jpg 768w, https:\/\/stephan-buth.de\/wp-content\/uploads\/2021\/07\/kaisertor_luebeck-1536x768.jpg 1536w, https:\/\/stephan-buth.de\/wp-content\/uploads\/2021\/07\/kaisertor_luebeck-16x8.jpg 16w, https:\/\/stephan-buth.de\/wp-content\/uploads\/2021\/07\/kaisertor_luebeck.jpg 2000w\" sizes=\"(max-width: 300px) 100vw, 300px\" title=\"\">\t\t\t\t\t\t\t\t<\/a>\n\t\t\t\t\t\t\t\t\t\t\t<figcaption class=\"widget-image-caption wp-caption-text\">Panoramabild vom Kaisertor in L\u00fcbeck<\/figcaption>\n\t\t\t\t\t\t\t\t\t\t<\/figure>\n\t\t\t\t\t\t\t\t\t<\/div>\n\t\t\t\t<\/div>\n\t\t\t\t\t<\/div>\n\t\t<\/div>\n\t\t\t\t\t<\/div>\n\t\t<\/section>\n\t\t\t\t\t<\/div>\n\t\t<\/div>\n\t\t\t\t\t<\/div>\n\t\t<\/article>\n\t\t\t\t<section class=\"elementor-section elementor-top-section elementor-element elementor-element-286ec4c1 elementor-section-content-middle elementor-section-boxed elementor-section-height-default elementor-section-height-default\" data-id=\"286ec4c1\" data-element_type=\"section\" data-e-type=\"section\">\n\t\t\t\t\t\t<div class=\"elementor-container elementor-column-gap-default\">\n\t\t\t\t\t<div class=\"elementor-column elementor-col-100 elementor-top-column elementor-element elementor-element-1f4ffd8a\" data-id=\"1f4ffd8a\" data-element_type=\"column\" data-e-type=\"column\">\n\t\t\t<div class=\"elementor-widget-wrap elementor-element-populated\">\n\t\t\t\t\t\t<div class=\"elementor-element elementor-element-52d03ad4 elementor-widget elementor-widget-text-editor\" data-id=\"52d03ad4\" data-element_type=\"widget\" data-e-type=\"widget\" data-widget_type=\"text-editor.default\">\n\t\t\t\t<div class=\"elementor-widget-container\">\n\t\t\t\t\t\t\t\t\t<iframe src=\"\/wp-content\/uploads\/panos\/pano_kaisertor\/pano_kaisertor.html\" width=\"700\" height=\"350\" frameborder=\"0\"><\/iframe>\t\t\t\t\t\t\t\t<\/div>\n\t\t\t\t<\/div>\n\t\t\t\t\t<\/div>\n\t\t<\/div>\n\t\t\t\t\t<\/div>\n\t\t<\/section>\n\t\t\t\t<\/div>","protected":false},"excerpt":{"rendered":"<p>Kaisertor L\u00fcbeck &#8211; Panorama Zur\u00fcck Kaisertor L\u00fcbeck.Das Kaisertor war urspr\u00fcnglich ein um 1300 errichteter Wehrturm zum Schutz des M\u00fchlendammes. Der wenig genutzte Torausgang wurde um 1500 zugemauert.Im 17. Jahrhundert wurde der Turm bis auf den Sockel abgerissen, auf diesen wurde im 19. Jahrhundert das heute noch erhaltene Obergeschoss aufgesetzt.Beim Bau des Elbe-L\u00fcbeck-Kanals 1897 wurde das&#8230;<\/p>","protected":false},"author":1,"featured_media":0,"parent":0,"menu_order":0,"comment_status":"closed","ping_status":"closed","template":"","meta":{"footnotes":""},"class_list":["post-1906","page","type-page","status-publish","hentry"],"_links":{"self":[{"href":"https:\/\/stephan-buth.de\/en\/wp-json\/wp\/v2\/pages\/1906","targetHints":{"allow":["GET"]}}],"collection":[{"href":"https:\/\/stephan-buth.de\/en\/wp-json\/wp\/v2\/pages"}],"about":[{"href":"https:\/\/stephan-buth.de\/en\/wp-json\/wp\/v2\/types\/page"}],"author":[{"embeddable":true,"href":"https:\/\/stephan-buth.de\/en\/wp-json\/wp\/v2\/users\/1"}],"replies":[{"embeddable":true,"href":"https:\/\/stephan-buth.de\/en\/wp-json\/wp\/v2\/comments?post=1906"}],"version-history":[{"count":10,"href":"https:\/\/stephan-buth.de\/en\/wp-json\/wp\/v2\/pages\/1906\/revisions"}],"predecessor-version":[{"id":1956,"href":"https:\/\/stephan-buth.de\/en\/wp-json\/wp\/v2\/pages\/1906\/revisions\/1956"}],"wp:attachment":[{"href":"https:\/\/stephan-buth.de\/en\/wp-json\/wp\/v2\/media?parent=1906"}],"curies":[{"name":"wp","href":"https:\/\/api.w.org\/{rel}","templated":true}]}}

<div data-elementor-type="wp-page" data-elementor-id="1906" class="elementor elementor-1906">
						<header class="elementor-section elementor-top-section elementor-element elementor-element-4939cb29 elementor-section-boxed elementor-section-height-default elementor-section-height-default" data-id="4939cb29" data-element_type="section" data-e-type="section">
						<div class="elementor-container elementor-column-gap-default">
					<div class="elementor-column elementor-col-100 elementor-top-column elementor-element elementor-element-38dce9f7" data-id="38dce9f7" data-element_type="column" data-e-type="column">
			<div class="elementor-widget-wrap elementor-element-populated">
						<div class="elementor-element elementor-element-2ab49d47 elementor-widget elementor-widget-heading" data-id="2ab49d47" data-element_type="widget" data-e-type="widget" data-widget_type="heading.default">
				<div class="elementor-widget-container">
					<h2 class="elementor-heading-title elementor-size-default">Kaisertor Lübeck - Panorama</h2>				</div>
				</div>
					</div>
		</div>
					</div>
		</header>
				<section class="elementor-section elementor-top-section elementor-element elementor-element-5ae6e62 elementor-section-boxed elementor-section-height-default elementor-section-height-default" data-id="5ae6e62" data-element_type="section" data-e-type="section">
						<div class="elementor-container elementor-column-gap-default">
					<div class="elementor-column elementor-col-100 elementor-top-column elementor-element elementor-element-3e385528" data-id="3e385528" data-element_type="column" data-e-type="column">
			<div class="elementor-widget-wrap elementor-element-populated">
						<div class="elementor-element elementor-element-3958a509 elementor-align-center elementor-widget elementor-widget-button" data-id="3958a509" data-element_type="widget" data-e-type="widget" data-widget_type="button.default">
				<div class="elementor-widget-container">
									<div class="elementor-button-wrapper">
					<a class="elementor-button elementor-button-link elementor-size-sm" href="https://stephan-buth.de/en/panorama-lubeck/">
						<span class="elementor-button-content-wrapper">
									<span class="elementor-button-text">Back</span>
					</span>
					</a>
				</div>
								</div>
				</div>
					</div>
		</div>
					</div>
		</section>
				<article class="elementor-section elementor-top-section elementor-element elementor-element-518dafe7 elementor-section-boxed elementor-section-height-default elementor-section-height-default" data-id="518dafe7" data-element_type="section" data-e-type="section">
						<div class="elementor-container elementor-column-gap-default">
					<div class="elementor-column elementor-col-100 elementor-top-column elementor-element elementor-element-5bc90efc" data-id="5bc90efc" data-element_type="column" data-e-type="column">
			<div class="elementor-widget-wrap elementor-element-populated">
						<section class="elementor-section elementor-inner-section elementor-element elementor-element-2473ade3 elementor-section-boxed elementor-section-height-default elementor-section-height-default" data-id="2473ade3" data-element_type="section" data-e-type="section">
						<div class="elementor-container elementor-column-gap-default">
					<div class="elementor-column elementor-col-50 elementor-inner-column elementor-element elementor-element-21dc94ed" data-id="21dc94ed" data-element_type="column" data-e-type="column">
			<div class="elementor-widget-wrap elementor-element-populated">
						<div class="elementor-element elementor-element-696ad9a elementor-widget elementor-widget-text-editor" data-id="696ad9a" data-element_type="widget" data-e-type="widget" data-widget_type="text-editor.default">
				<div class="elementor-widget-container">
									<p>Kaisertor Lübeck.<br />The Kaisertor was originally a defense tower built around 1300 to protect the Muehlendamm. The little-used gate exit was walled up around 1500.<br />In the 17th century, the tower was torn down to its base, and the upper floor, which is still preserved today, was placed on top of this in the 19th century.<br />Beim Bau des Elbe-Lübeck-Kanals 1897 wurde das zugemauerte Tor wieder geöffnet.</p><p>Aufnahme vom 05.06.2021</p>								</div>
				</div>
					</div>
		</div>
				<div class="elementor-column elementor-col-50 elementor-inner-column elementor-element elementor-element-1b7103b" data-id="1b7103b" data-element_type="column" data-e-type="column">
			<div class="elementor-widget-wrap elementor-element-populated">
						<div class="elementor-element elementor-element-6555a79 elementor-widget elementor-widget-image" data-id="6555a79" data-element_type="widget" data-e-type="widget" data-widget_type="image.default">
				<div class="elementor-widget-container">
												<figure class="wp-caption">
											<a href="https://stephan-buth.de/wp-content/uploads/2021/07/kaisertor_luebeck.jpg" data-elementor-open-lightbox="yes" data-elementor-lightbox-title="Kaisertor Lübeck" data-e-action-hash="#elementor-action%3Aaction%3Dlightbox%26settings%3DeyJpZCI6MTkyNCwidXJsIjoiaHR0cHM6XC9cL3N0ZXBoYW4tYnV0aC5kZVwvd3AtY29udGVudFwvdXBsb2Fkc1wvMjAyMVwvMDdcL2thaXNlcnRvcl9sdWViZWNrLmpwZyJ9">
							<img decoding="async" width="300" height="150" src="https://stephan-buth.de/wp-content/uploads/2021/07/kaisertor_luebeck-300x150.jpg" class="attachment-medium size-medium wp-image-1924" alt="Kaisertor Lübeck" srcset="https://stephan-buth.de/wp-content/uploads/2021/07/kaisertor_luebeck-300x150.jpg 300w, https://stephan-buth.de/wp-content/uploads/2021/07/kaisertor_luebeck-1024x512.jpg 1024w, https://stephan-buth.de/wp-content/uploads/2021/07/kaisertor_luebeck-768x384.jpg 768w, https://stephan-buth.de/wp-content/uploads/2021/07/kaisertor_luebeck-1536x768.jpg 1536w, https://stephan-buth.de/wp-content/uploads/2021/07/kaisertor_luebeck-16x8.jpg 16w, https://stephan-buth.de/wp-content/uploads/2021/07/kaisertor_luebeck.jpg 2000w" sizes="(max-width: 300px) 100vw, 300px" title="">								</a>
											<figcaption class="widget-image-caption wp-caption-text">Panoramabild vom Kaisertor in Lübeck</figcaption>
										</figure>
									</div>
				</div>
					</div>
		</div>
					</div>
		</section>
					</div>
		</div>
					</div>
		</article>
				<section class="elementor-section elementor-top-section elementor-element elementor-element-286ec4c1 elementor-section-content-middle elementor-section-boxed elementor-section-height-default elementor-section-height-default" data-id="286ec4c1" data-element_type="section" data-e-type="section">
						<div class="elementor-container elementor-column-gap-default">
					<div class="elementor-column elementor-col-100 elementor-top-column elementor-element elementor-element-1f4ffd8a" data-id="1f4ffd8a" data-element_type="column" data-e-type="column">
			<div class="elementor-widget-wrap elementor-element-populated">
						<div class="elementor-element elementor-element-52d03ad4 elementor-widget elementor-widget-text-editor" data-id="52d03ad4" data-element_type="widget" data-e-type="widget" data-widget_type="text-editor.default">
				<div class="elementor-widget-container">
									<iframe src="/wp-content/uploads/panos/pano_kaisertor/pano_kaisertor.html" width="700" height="350" frameborder="0"></iframe>								</div>
				</div>
					</div>
		</div>
					</div>
		</section>
				</div>

<p>Kaisertor Lübeck &#8211; Panorama Zurück Kaisertor Lübeck.Das Kaisertor war ursprünglich ein um 1300 errichteter Wehrturm zum Schutz des Mühlendammes. Der wenig genutzte Torausgang wurde um 1500 zugemauert.Im 17. Jahrhundert wurde der Turm bis auf den Sockel abgerissen, auf diesen wurde im 19. Jahrhundert das heute noch erhaltene Obergeschoss aufgesetzt.Beim Bau des Elbe-Lübeck-Kanals 1897 wurde das&#8230;</p>
